t a = -12 + 10. Let q be 1 - (-1 + 3 + a). Calculate h(q).
-6
Let z(u) be the third derivative of 6*u**2 + 0*u + 0*u**3 + 0 + 1/12*u**4. Calculate z(3).
6
Let z = -2 + 2. Let j = 6 - z. Let p(w) = 3*w + 0*w - j*w + w**3 + 0*w + 2*w**2. Calculate p(2).
10
Let l be 6/(-24) - (-38)/(-8). Let i(g) be the third derivative of -g**5/60 - 5*g**4/24 - g**3/6 - g**2. Calculate i(l).
-1
Let o(b) = b - 6. Let h be o(8). Let j(i) = 6*i**2 + 3*i. Let f(g) = g**2. Let q(p) = h*f(p) - j(p). Suppose 7*a - 4*a = d - 4, -5*a = -5*d. Give q(d).
-10
Let f = -1 + 4. Let o(h) = 4 + 0*h - h + 0 + f*h. Give o(-5).
-6
Suppose 18*t = 17*t. Let j(v) = v**2 - v. Determine j(t).
0
Let o(r) = -r**2 + 6*r - 6. Suppose 4*y = 3*g - 4, -5*g + y + 14 = -2*y. Calculate o(g).
2
Let z(f) = 2*f + 4. Let g be -9 + -1 - -4 - -1. Calculate z(g).
-6
Let a(v) be the first derivative of v**2/2 - 10*v + 6. Suppose -3*x + 0*x = -15. Give a(x).
-5
Let x(i) = -2*i**2 - 5*i - 5. Let g(a) = a**2 - a - 1. Let h(b) = g(b) + x(b). Give h(-6).
-6
Let m be 1 - 16/4*1. Let t(n) = n**3 + 2*n**2 - 3*n. Calculate t(m).
0
Let b(k) be the first derivative of -k**3/3 - 9*k**2/2 + 10*k + 27. Determine b(-9).
10
Let u(a) = -a + 4. Let q(l) = -l - 5. Let w be q(-9). Calculate u(w).
0
Let g(i) = -i + 1. Let p(s) = -3*s + 3. Let k(b) = 5*g(b) - 2*p(b). Determine k(-3).
-4
Let d(t) = 35 - 2*t + t + 2*t - 33. Suppose 4 = r + b - 3*b, -4*b = 0. Suppose -2*q = -q - r, -4*u = 2*q. Determine d(u).
0
Let x(f) = -2*f + 3. Suppose 0 = 4*t - t - 3*b - 21, -b - 23 = -3*t. Calculate x(t).
-13
Suppose 4*j = -2*n + 20 - 2, -2*n - 6 = -4*j. Let x(d) be the third derivative of -d**4/24 + 5*d**3/6 - 3*d**2 - 1. Calculate x(n).
2
Let q(i) = i**2 + 3*i - 2. Let t be ((-1)/(-3))/((-1)/9). Let s be (-8)/(-12) - (-11)/t. What is q(s)?
-2
Let l = 8 + -11. Let g = l - -5. Let i(t) be the second derivative of t**5/20 - t**3/6 - t**2 + t. Calculate i(g).
4
Let a(f) be the second derivative of -f**3/6 + 2*f**2 + 6*f. Give a(5).
-1
Let q be ((-1)/(-3))/((-2)/(-18)). Let f(t) = 2*t**3 - 3*t**q + 2*t**3 + 0*t - 1 - t. Calculate f(2).
5
Let u(m) = 2*m + 3. Suppose -2 = -c + 2. Suppose -12 = -c*z - 0*z. Suppose -l + 6 = -z*l. Give u(l).
-3
Let s be 28/(-42) + (-16)/(-6). Let n(d) be the second derivative of 1/12*d**4 - 1/20*d**5 - 3/2*d**2 + 1/6*d**3 + 0 - s*d. Give n(0).
-3
Let g(p) = -p**2 + p - 10. Let h be (0/(-2))/(-4 - -2). Suppose h = -4*v - v. What is g(v)?
-10
Let j(x) be the first derivative of -8*x**3/3 - x - 2. What is j(1)?
-9
Let h be (-2)/((-5)/(45/2)). Let s(u) = -u**2 + 9*u + 5. Calculate s(h).
5
Let k(b) be the second derivative of 0 - 1/2*b**2 - 1/20*b**5 + 1/12*b**4 + 1/3*b**3 - 4*b. Determine k(-2).
7
Let g(v) = v**2 + 8*v - 13. Suppose -2*p = 4*t - 2, p - 4*t + 19 = -2*t. Give g(p).
-4
Suppose 2*c = -5*u + 8, -16 = -0*u - 4*u. Let a(o) = o**2 + 3*o + 3. Calculate a(c).
21
Let s(h) = -h**3 + 5*h**2 + 7*h - 1. Suppose 0 = -3*y + y, -18 = -3*p + 2*y. Give s(p).
5
Let r(l) be the second derivative of -l**6/360 - l**5/20 - l**4/8 + l**3/2 + l. Let f(x) be the second derivative of r(x). Determine f(-5).
2
Suppose v - 3 = 2. Let y(i) be the third derivative of -i**6/120 + i**5/12 + i**4/12 - 7*i**3/6 - 14*i**2. Give y(v).
3
Let f(x) = x**2 - 4*x - 2. Suppose m + 0 - 8 = 0. Let q = m + -4. Let w = q + -1. Calculate f(w).
-5
Let b(p) = 3*p - 6. Let y be 5/5*(-4)/(-1). Let h be 1*3*y/3. What is b(h)?
6
Suppose 0 = -3*k - 2*k - 3*m + 13, -2*k = 3*m - 7. Let j(a) = 2*a + 6 - 3 - 5*a + 2*a**2. Calculate j(k).
5
Let l(v) = 41*v - v**3 + 48*v - 88*v + 2*v**2. Let j(r) = -r**2 + r. Let c be j(2). Determine l(c).
14
Let q = -31 + 24. Let f(r) = -r**2 - 7*r - 1. Give f(q).
-1
Suppose 3*l + 4*l = 14. Let o(i) = -4*i + 3. What is o(l)?
-5
Let u(j) = -3*j**3 - 28*j**2 - 8*j + 28. Let t(v) = -v**3 - 9*v**2 - 3*v + 9. Let n(c) = 7*t(c) - 2*u(c). Give n(-6).
1
Let w(t) = t**2 + 3*t + 3. Let v be w(-3). Let a be 0 - (-3)/v - 1. Let x be 1/(-1)*(-1 - a). Let r(q) = 4*q**3 - q**2 + q - 1. Calculate r(x).
3
Let n(t) = 2*t + 5. Let u(l) = 5*l + 16. Let f(p) = 7*n(p) - 2*u(p). Suppose -c + 2*c + 4*r + 15 = 0, 0 = 5*c - 2*r + 9. Calculate f(c).
-9
Let u(l) be the second derivative of -l**3/3 - 9*l**2/2 - 2*l. Give u(-6).
3
Let t(p) = -2*p + 5*p - 33 + 41. Let r(i) = -7*i - 16. Let c(v) = -2*r(v) - 5*t(v). Let u(w) = 4*w**3. Let g be u(-1). Determine c(g).
-4
Let a(r) = -3*r + 9. Let d(y) = 7*y - 18. Let h(p) = 9*a(p) + 4*d(p). Suppose -4*i = -3*i. What is h(i)?
9
Let t(o) = -o - 1. Let i(v) = 4*v + 4. Let l(q) = -i(q) - 3*t(q). What is l(3)?
-4
Suppose 2*y = -2 + 8. Let b(s) be the second derivative of -s**3/6 - 3*s**2/2 - 86*s + 1. Calculate b(y).
-6
Let k(q) = -3*q. Let c = 10 - 5. Suppose 3*o - 8*o - c*h + 25 = 0, -5*h + 9 = -3*o. Determine k(o).
-6
Suppose -2*v + 6*v = 0. Suppose -3*t + 3 = -v*t. Let q(m) = 7*m**3 + t + 25*m**2 - 25*m**2. Calculate q(-1).
-6
Let t(n) = -n**2 + 4. Suppose -v + 19 = -0*v + y, -4 = -y. Suppose -2*h + 3*w = -7*h + 27, 3*h = -3*w + v. Suppose -u = -h*u. What is t(u)?
4
Let c(z) be the first derivative of -z**2/2 - 3. Suppose -x - 4*i - 13 = 0, 2*i = 5*x - 2*i - 7. Let a be (0*x/2)/2. Calculate c(a).
0
Let v(a) = 7*a - 3*a**3 + 5*a**2 + 3*a**2 + 2*a**3 - 7 - 4*a**2. Determine v(5).
3
Suppose -5 = -2*p - d, -p - 2*p + 5*d + 40 = 0. Let z(w) be the second derivative of -w**3/3 + 7*w**2/2 + 30*w. What is z(p)?
-3
Let x(w) = w**3 + 5*w**2 + 2*w - 4. Let y be (-4 + 3)*(-3 - 2). Let h be -5*((-12)/y)/(-4). Determine x(h).
8
Let v(t) = 4*t**3 + 6*t**2 + 3*t - 4. Let p(b) = -11*b**3 - 18*b**2 - 9*b + 11. Let a(g) = 3*p(g) + 8*v(g). Determine a(-5).
-9
Let i(o) = o**3 + 4*o**2 - 2*o + 4. Suppose -j = -2*j + 3. Suppose 2*w + 4*c = -30, 0*c + j*c = 0. Let y = 10 + w. Determine i(y).
-11
Let j(g) = 8*g**2 - 2*g + 1. Suppose -5*q + 8*q - 3 = 0. Give j(q).
7
Let g(q) = 2*q**2 - 2*q - 2. Let s be g(2). Let t = 7 - s. Let k(b) be the first derivative of b**4/4 - 5*b**3/3 - b**2/2 + 3. What is k(t)?
-5
Let f(s) = -s + 3. Let l = 16 + -11. Determine f(l).
-2
Let o(u) = -3*u**2 + 21*u - 31. Let d(r) = 2*r**2 - 14*r + 21. Let w(q) = -7*d(q) - 5*o(q). Give w(7).
8
Let j(y) = y**3 - 11*y**2 + 18*y + 4. Let b be j(9). Let l(n) = n**2 - 2*n + 2. Give l(b).
10
Let i(q) be the first derivative of -q**4/4 + 2*q**3 - q - 8. Give i(6).
-1
Let r(s) = s**3 + 5*s**2 + 5*s + 3. Let b = 0 - -15. Suppose u + 15 = 4*a, -a + b = a + u. Suppose 2*z + a = -1. What is r(z)?
6
Let j(n) = n + 2. Let g be (-14 - -18) + 2*2. Determine j(g).
10
Let w(c) = -5*c - 2*c + 0 - 3 + 6*c. Let k be w(-8). Let g(v) = 3*v - 7. Determine g(k).
8
Let j(k) = k - 8. Let o be j(6). Let l(m) = 4*m**3 + 4*m**2 - 6*m - 16. Let d(a) = -3*a**3 - 3*a**2 + 4*a + 11. Let w(y) = 7*d(y) + 5*l(y). Give w(o).
5
Let f be (-7)/(-2) + (-1)/2. Let g(l) be the second derivative of f*l + 0 - 1/2*l**2 + l**3. Determine g(-1).
-7
Let w(v) = v + 10. Suppose -2*h = 4*u - 3*h + 2, -5*u - 2 = -h. What is w(u)?
10
Let i(t) be the second derivative of -t**4/24 + t**3/3 + 2*t**2 + 3*t. Let k(u) be the first derivative of i(u). Calculate k(2).
0
Let h(d) = -d**2 - 2*d + 2. Let p(u) = -u**2 - 11*u - 22. Let j be p(-9). Determine h(j).
-6
Let g(r) = -4*r**2 - 2*r + 4. Let x(u) = -9*u**2 - 4*u + 7. Let v(k) = 7*g(k) - 3*x(k). Suppose 5*b + 4 = -21. Calculate v(b).
-8
Suppose -15 = -4*k + 4*o + 17, -24 = -3*k - 4*o. Let v(w) = -w**2 + 8*w + 3. Calculate v(k).
3
Let h(v) = v**3 + 6*v**2 + 6*v + 3. Suppose 2*y = 4*l + 20, -4*y - 4*l + 16 = -0*l. Suppose 40 = y*c - c. Suppose 4 = -3*g - c. Calculate h(g).
11
Let n be 3 + 0 + (0 - 2). Let u be 2*(-1 - 3/(-2)). Let z(q) = 0*q - u + 2 - 7*q. Determine z(n).
-6
Let u(p) = -p**2 - 3*p - 3. Let v be u(-2). Let x(y) be the third derivative of -7*y**6/120 - y**5/60 + y**3/6 + y**2. Give x(v).
7
Let b(w) be the third derivative of -6*w**2 + 0 - 1/6*w**3 - 1/24*w**4 + 0*w - 1/60*w**5. Determine b(0).
-1
Let d(j) = j**2 + 5*j - 19. Let t be d(-7). Let o(k) = -k**3 - 6*k**2 - 7*k + 2. Give o(t).
12
Suppose -2*o = -0*o - 5*w - 28, 3*o + 4*w = -4. Let v be (o/(-6))/(32/144). Let s(m) = -2*m**2 - 2*m. Calculate s(v).
-12
Suppose -8*a + 12 - 4 = 0. Let b(u) = 11*u**2 + u - 1. What is b(a)?
11
Let d = 0 + 3. Let i(b) = -2*b**3 - b**3 - b**3 + 4*b - 2*b**2 + d*b**3 - 1. Determ